{"id":35,"date":"2016-01-13T15:05:24","date_gmt":"2016-01-13T14:05:24","guid":{"rendered":"http:\/\/www.ceelenblokker.nl\/10jaar\/?page_id=35"},"modified":"2025-12-03T23:10:16","modified_gmt":"2025-12-03T22:10:16","slug":"2009-2","status":"publish","type":"page","link":"http:\/\/ceelenblokker.nl\/?page_id=35","title":{"rendered":"2009"},"content":{"rendered":"<p><img loading=\"lazy\" decoding=\"async\" class=\"alignleft wp-image-36 size-medium\" src=\"https:\/\/www.ceelenblokker.nl\/story\/wp-content\/uploads\/2016\/01\/CB-Trouwdag2009-1-286x300.jpg\" alt=\"OLYMPUS DIGITAL CAMERA\" width=\"286\" height=\"300\" \/><\/p>\n<p>Het jaar 2009 staat geheel in het teken van het naderende huwelijk van Dani\u00ebl &amp; Annemarieke.<\/p>\n<p>Voordat het zover is moest er nog het nodige gebeuren. Welke achternamen zouden zij aannemen en hoe moest de trouwdag eruit gaan zien? Naarmate het jaar vorderde werd alles steeds duidelijker.<\/p>\n<p>E\u00e9n van de concretere stappen richting de trouwdag was het moment dat Dani\u00ebl &amp; Annemarieke in ondertrouw gingen, op 9 juli 2009, precies twee maanden voor hun trouwen. In het gemeentehuis in Arnhem kregen Dani\u00ebl &amp; Annemarieke een formulier voor zich, waarop vijf opties stonden voor het bepalen van de achternamen. Optie \u00e9\u00e9n was allebei Ceelen, optie twee was allebei Blokker, optie drie was Blokker-Ceelen, optie vier was Ceelen-Blokker en optie vijf was dat eenieder zijn of haar eigen achternaam aanhield. Annemarieke en Dani\u00ebl kozen ervoor om allebei door het leven te gaan met de achternaam Ceelen-Blokker. De gedachte erachter was dat ze allebei elkaars achternamen zouden gaan dragen.<\/p>\n<p>Op 09-09-09, oftewel 9 september 2009, was het zover: de grote dag was aangebroken. Dani\u00ebl &amp; Annemarieke trouwen in het Duivelshuis, gelegen naast het Arnhemse gemeentehuis. Vervolgens konden aanwezigen buiten het bruidspaar feliciteren, onder het genot van een glas champagne. Daarna togen het bruidspaar met aanwezigen en belangstellenden richting de Bill Haleystraat waar de overige felicitaties en cadeaus in ontvangst werden genomen. Naderhand vertrok het kersverse bruidspaar met fotograaf naar Park Sonsbeek om daar een fotoreportage te maken. Na het maken van de foto&#8217;s spoedde men zich naar Wok Atlantis (nu Atlantis Wereldrestaurant), waar de trouwdag werd afgesloten met een etentje. <a href=\"https:\/\/ceelenblokker.nl\/?page_id=816\">Herbeleef deze mooie dag hier<\/a>.<\/p>\n<p>De volgende dag vertrokken Dani\u00ebl &amp; Annemarieke richting het Limburgse Geulhem, waar zij hun (uitgestelde) huwelijksnacht doorbrachten in Kasteel Geulzicht.<\/p>\n<p><img loading=\"lazy\" decoding=\"async\" class=\"alignleft wp-image-136 size-full\" src=\"https:\/\/www.ceelenblokker.nl\/story\/wp-content\/uploads\/2016\/01\/CB-Kasteel-Geulzicht-014-1.jpg\" alt=\"CB Kasteel Geulzicht-014\" width=\"533\" height=\"400\" \/><img loading=\"lazy\" decoding=\"async\" class=\"aligncenter wp-image-137 size-full\" src=\"https:\/\/www.ceelenblokker.nl\/story\/wp-content\/uploads\/2016\/01\/CB-Kasteel-Geulzicht-001-1.jpg\" alt=\"CB Kasteel Geulzicht-001\" width=\"400\" height=\"533\" \/><\/p>\n<p>In oktober 2009 werden de huwelijkse festiviteiten nog even voortgezet in de vorm van een bijzondere huwelijksreis. Dani\u00ebl &amp; Annemarieke maakten een Middelandse Zee-cruise. Per luxe cruiseschip, de Voyager Of The Seas van\u00a0cruisemaatschappij Royal Carribean,\u00a0vertrok het stel vanuit Barcelona om vervolgens Napels, Pompe\u00ef, Civittaveccha, Rome, Nice, Marseille, Monaco en Monte Carlo te bezoeken. Daarbij deden zij ook het trac\u00e9 aan waar nog elk jaar de Formule 1 wordt gereden. Vervolgens vertrokken Dani\u00ebl &amp; Annemarieke weer met\u00a0het schip\u00a0naar Barcelona, waar de laatste dag van hun huwelijksreis werd doorgebracht.<\/p>\n<p><img loading=\"lazy\" decoding=\"async\" class=\"aligncenter wp-image-139 size-full\" src=\"https:\/\/www.ceelenblokker.nl\/story\/wp-content\/uploads\/2016\/01\/voyager-of-the-seas-cruise-ship-1.jpg\" alt=\"voyager-of-the-seas-cruise-ship\" width=\"350\" height=\"250\" \/><\/p>\n\n\n<p>Tot zover weer een bijzonder jaar. We beginnen aan een nieuw en mooi decennium in <a href=\"https:\/\/ceelenblokker.nl\/?page_id=40\" data-type=\"page\" data-id=\"40\">2010<\/a>.<\/p>\n\n\n\n<p><\/p>\n","protected":false},"excerpt":{"rendered":"<p>Het jaar 2009 staat geheel in het teken van het naderende huwelijk van Dani\u00ebl &amp; Annemarieke. Voordat het zover is moest er nog het nodige gebeuren. Welke achternamen zouden zij aannemen en hoe moest de trouwdag eruit gaan zien? Naarmate het jaar vorderde werd alles steeds duidelijker. E\u00e9n van de concretere stappen richting de trouwdag &hellip;<br \/><a href=\"http:\/\/ceelenblokker.nl\/?page_id=35\" class=\"more-link pen_button pen_element_default pen_icon_arrow_double\">Ga door met het lezen van <span class=\"screen-reader-text\">2009<\/span><\/a><\/p>\n","protected":false},"author":1,"featured_media":1979,"parent":0,"menu_order":0,"comment_status":"closed","ping_status":"closed","template":"","meta":{"footnotes":""},"class_list":["post-35","page","type-page","status-publish","has-post-thumbnail","hentry"],"_links":{"self":[{"href":"http:\/\/ceelenblokker.nl\/index.php?rest_route=\/wp\/v2\/pages\/35","targetHints":{"allow":["GET"]}}],"collection":[{"href":"http:\/\/ceelenblokker.nl\/index.php?rest_route=\/wp\/v2\/pages"}],"about":[{"href":"http:\/\/ceelenblokker.nl\/index.php?rest_route=\/wp\/v2\/types\/page"}],"author":[{"embeddable":true,"href":"http:\/\/ceelenblokker.nl\/index.php?rest_route=\/wp\/v2\/users\/1"}],"replies":[{"embeddable":true,"href":"http:\/\/ceelenblokker.nl\/index.php?rest_route=%2Fwp%2Fv2%2Fcomments&post=35"}],"version-history":[{"count":2,"href":"http:\/\/ceelenblokker.nl\/index.php?rest_route=\/wp\/v2\/pages\/35\/revisions"}],"predecessor-version":[{"id":1984,"href":"http:\/\/ceelenblokker.nl\/index.php?rest_route=\/wp\/v2\/pages\/35\/revisions\/1984"}],"wp:featuredmedia":[{"embeddable":true,"href":"http:\/\/ceelenblokker.nl\/index.php?rest_route=\/wp\/v2\/media\/1979"}],"wp:attachment":[{"href":"http:\/\/ceelenblokker.nl\/index.php?rest_route=%2Fwp%2Fv2%2Fmedia&parent=35"}],"curies":[{"name":"wp","href":"https:\/\/api.w.org\/{rel}","templated":true}]}}